 n**2 - 13*n + 5. Calculate u(s).
40
Let o(w) = -w**2 + 3*w + 10. Let j be o(5). Let f(r) = -1. Let g(q) = 11 - 3 - q**3 - q + 1 + q**2. Let t(p) = f(p) + g(p). Calculate t(j).
8
Suppose -37 + 117 = -5*k. Let c be (1 - 2)*(k - -13). Let d(x) = 0 + 0 + x**2 + 3*x - 12*x - c. Determine d(8).
-11
Let n(v) be the second derivative of -9*v**3/2 - 77*v**2/2 + 16*v - 8. Give n(-3).
4
Let k(m) be the second derivative of -5*m**3/6 - m**2/2 + 1511*m. Let w(i) = 13*i**3 + i**2 - 1. Let a be w(1). Suppose -a = 4*g + 3. Determine k(g).
19
Let r(v) = v**2 - 25*v - 70. Let i be (1/3)/(34/2754). What is r(i)?
-16
Let f(d) = 5*d - 14. Let h(v) = -v. Let l(x) = -f(x) - 6*h(x). Let k be l(-8). Let u(t) = -t + 2*t - k + 3. Give u(-7).
-10
Let z(a) = -a**3 + 11*a**2 - a + 7. Let s(f) = -f**3 + 9*f**2 + 6. Let p = 238 + -243. Let b(d) = p*s(d) + 4*z(d). Give b(3).
4
Let f be (9*(-1)/6)/((-6)/16). Let m(s) = -s**3 + 4*s**2 + 5*s - 1. Determine m(f).
19
Let a(t) = -t**3 - 7*t**2 - 5*t + 7. Let l(w) = -w**3 - 21*w**2 + 23*w + 24. Let v be l(-22). Let s be v/(-1)*-1 - (0 - -8). What is a(s)?
1
Let n(r) = -11*r**3. Let z be (-12)/(-8)*2*2/(-6). Let i be (-5 + 72/15)/(z/5). Give n(i).
-11
Let k(q) be the third derivative of -2*q**2 - 11 + 1/120*q**6 - 1/12*q**4 + 0*q + 1/12*q**5 - q**3. Give k(-6).
-30
Let l(h) = 7*h**3 - 17*h**2 - 5*h - 17. Let d(u) = 3*u**3 - 8*u**2 - 2*u - 8. Let n(y) = -5*d(y) + 2*l(y). Let t = 76821 - 76815. What is n(t)?
6
Let f(b) = -4 - 6*b - 2*b**2 + b + 0*b**2. Let c be 12/90 - 88/(-15). Let q be (-6)/2 - (5 + (-30)/c). Calculate f(q).
-7
Let b(r) = 3*r - 21. Let h = 110 + -96. Let y be b(h). Suppose a - y = -6*a. Let u(z) = z + 3. Give u(a).
6
Let y(o) = o**3 + 7*o**2 - 3*o - 3. Suppose -19 = -w - 2*b + 4, 2*b = 3*w - 61. Let n = w + -13. Suppose -2*j + n = -2*z, 2*z + 2*z + 43 = -5*j. Calculate y(z).
18
Let h(r) = r**3 + 2*r**2 + 2*r - 3. Let u be h(1). Let y(b) = -8*b - 2*b**2 + 7 - b**3 - 7*b**u + 25*b**2 - 8*b**2. Give y(6).
31
Let l be (-2)/(-26) - 30636/(-1924). Let m(u) = 2*u**3 - 33*u**2 + 13*u + 32. Determine m(l).
-16
Let f = -2843 + 2854. Let r(c) be the first derivative of 1/3*c**3 - f*c - 16 - 4*c**2. Give r(10).
9
Let k = -594 - -1608. Let t(g) = -5 + 7 - g - 1015*g**3 + 3*g**2 + k*g**3. Determine t(3).
-1
Let x(t) = t + 8. Let u = 75 - -194. Let z = -283 + u. Give x(z).
-6
Suppose 2*h + 3 - 15 = u, -u = -3*h + 16. Let c(y) = -3*y - 2. Let j(q) = -9*q - 6. Let g = -94 - -88. Let n(f) = g*j(f) + 17*c(f). Give n(u).
-10
Let o(d) = d**2 - 6*d - 7. Let h = -463 + 741. Suppose -5*c - u = h, 4*c + 291 = 4*u + 83. Let f = c - -60. Give o(f).
-12
Let l(z) = -6*z - 15. Let o be l(-5). Suppose -o + 60 = 3*d. Let w(p) = -16*p + 3 - d*p + 32*p - 2. Give w(-6).
-5
Let y be (-2)/(-8) - (-52)/(-16). Suppose -n - 1 = -0, 0 = 3*d - 2*n - 8. Let b(k) = -1 + 0*k + 0 - d*k + 3 - 3. Determine b(y).
5
Let f(o) = -o**2 - 12*o + 5. Let v(z) = z**2 - 4*z - 9. Let g be v(6). Suppose -g*y + y = -0*y. Suppose -q + l - 7 = y, -5*q - l = -0*l + 65. Determine f(q).
5
Let y(h) = 18. Let b(u) = 3*u - 68. Let p(x) = b(x) + 4*y(x). Let v be (1 - 6/4)*-10. Give p(v).
19
Let v(a) = a**3 + 6*a**2 - 7*a - 7. Let h(s) = s**3 + 2*s**2 - 5*s - 1. Let c be h(-3). Suppose -2*u = -2*z - 10, 2*u = 1 - c. Calculate v(z).
-7
Suppose 5 = 3*q - 1, 4*y - 6 = q. Let z be ((-5)/y + 2)*-18. Let j(x) = x**3 - 10*x**2 + 12*x - 13. Give j(z).
14
Let i(z) be the second derivative of 1/2*z**3 + z**2 - 1 + 1/12*z**4 + 10*z. Determine i(-4).
6
Let k(d) be the second derivative of -4/3*d**3 - 166*d + 0*d**2 + 2. Calculate k(1).
-8
Let y(f) be the second derivative of 47*f - 1/3*f**4 - 1/3*f**3 + 0*f**2 + 0. Determine y(-2).
-12
Let f(u) = -u**3 - 7*u**2 - 14*u - 10. Let z be (45/(-75))/((-15)/(-50)). Give f(z).
-2
Let n(f) = -5*f**2 + 3*f. Suppose 0 = 1178*v - 1184*v - 12. Let j be (10/65)/(v/(-26)). Give n(j).
-14
Let x(v) = 36*v - 108. Let z be x(3). Let d(i) = i**3 - i**2 - 48. Give d(z).
-48
Suppose -10*t + 2193 - 2273 = 0. Let d(i) = -i + 7. Give d(t).
15
Suppose 31*y + 34 = 3. Let a(s) = -16*s**2 + 4*s + 2. What is a(y)?
-18
Let h(j) = -j**3 + 4*j**2 + 7*j - 7. Suppose -27*a + 35*a = 136. Suppose -a + 52 = 7*b. Determine h(b).
3
Let c(t) = -3*t - 6. Let f(j) = 2*j + 7. Let d(i) = 4*c(i) + 3*f(i). Let o be (-7)/((-77)/(-132)) - -7. Give d(o).
27
Let r(v) = -2*v - 2. Let g(a) = a. Let c(b) = -5*g(b) - 6*r(b). Let u(d) = -10*d - 11. Let x(n) = -3*c(n) - 2*u(n). Give x(-8).
-6
Let r(p) = -29*p**3 - 15*p**2 + 8*p + 11. Let m(s) = -3*s**3 + s - 1. Let x(u) = -10*m(u) + r(u). Determine x(15).
-9
Suppose 5 = 2*y - 3*u, -4*y + u + 3*u = -16. Suppose q - 9 = -y. Let t(g) = -5*g**2 - 5*g + 4*g**q + 322 - 321. Calculate t(-7).
-13
Let t(h) = 3*h**3 - 14*h**2 + 12*h + 23. Let d(y) = 140*y - 81*y - 13 - 81*y + 27*y**2 - 7*y**3 - 34. Let c(o) = 4*d(o) + 9*t(o). Give c(-19).
0
Let p(a) be the second derivative of a**5/20 - a**4 + 10*a**3/3 + 11*a**2 + 2*a - 105. What is p(10)?
22
Suppose 10*d - 22*d + 90*d + 2730 = 0. Let w(h) = -5*h - 176. Give w(d).
-1
Let k = -1301 - -1285. Let q(h) = -h**2 - 17*h - 30. What is q(k)?
-14
Let z(v) = v**2 + 5*v**2 + v**3 + 21*v - 2*v**2 - 18*v**2 - 3691 + 3722. Give z(12).
-5
Let v(s) = s + 1. Let y(o) = 5*o + 4. Let w(q) = 4*v(q) - y(q). Suppose 0 = -39*i + 165 + 30. Let t(l) = -l**3 + 5*l**2 - 7. Let p be t(i). What is w(p)?
7
Suppose -2*v + 8 = 5*n, -12 = -4*n - v + 5*v. Let k(t) = 3 + 2 + t**3 - 5*t + 19*t - 15*t - 13*t**n. What is k(13)?
-8
Let b(s) = -45030*s + 4*s**2 - 3*s**2 + 4*s**2 + 45028*s. Suppose -2*m - 1 = 3. Determine b(m).
24
Let i(u) = u - 53. Suppose -28*y - 16*y + 16 - 324 = 0. What is i(y)?
-60
Let p be (851/(-111) - (18/1)/(-3))*9. Let b(m) = -m**3 - 16*m**2 - 18*m - 20. What is b(p)?
25
Let h(q) be the second derivative of 0 + 8*q - 2*q**2 + 7/6*q**3 + 1/20*q**5 - 2/3*q**4. Let g = 63 - 56. What is h(g)?
-4
Let y(a) = 58*a**2 - 24*a - 4. Let q(k) = 7*k**2 - k. Let u(j) = 8*q(j) - y(j). Calculate u(8).
4
Suppose 0 = i - 0*i - 6. Let y(r) = i + 0*r - 14 + r + 11. Suppose 0*b + 24 = -3*b. Give y(b).
-5
Suppose 0 = 5*i - 5. Let h(t) be the first derivative of 16*t**3 + t**2/2 + 38480. What is h(i)?
49
Let s(v) = 5*v - 38. Let f = -6326 - -6335. Give s(f).
7
Let x(i) = i**3 - i + 3. Let f(j) = j**2 + 5*j - 21. Let n be f(-6). Let l be n/12*16/(-40)*-4. Determine x(l).
-3
Let s(y) be the second derivative of 5*y**3/3 + 2*y. Let r(d) = -2243*d - 67288. Let w be r(-30). Give s(w).
20
Let d(r) be the second derivative of -r**4/12 - r**3/6 + 5*r**2/2 - 3910*r. Suppose 5*x = -2*z + 3, 3*x + 2*x = 15. Let a = z + 2. Calculate d(a).
-7
Let c(q) be the second derivative of 5*q**3/6 - 71*q**2/2 - 21*q + 15. What is c(13)?
-6
Let j(t) = 11*t - 19. Suppose 6 = -3*d, 2*r + 2*d = -2 + 4. Give j(r).
14
Let d(o) = -14 + 476*o + 20*o**2 + o**3 + 474*o - 952*o - 15. Calculate d(-20).
11
Let r(t) = t**3 + 14*t**2 - 3. Suppose 19*v - 18 = 10*v. Let a be 32/80 - 36*v/5. Give r(a).
-3
Let v(h) = -h + 26. Let c = -11381 - -11401. Give v(c).
6
Let n = 27 + -21. Let g(j) = 2*j - 10. Let t be g(n). Let f(w) = -25*w**3 + 6*w**t + w**2 + w + 26*w**3 - 2. Give f(-7).
-9
Let r(n) be the third derivative of 1/8*n**4 - 1/2*n**3 + 0*n + 87*n**2 + 0. What is r(13)?
36
Let f(i) = 2*i**2 + 2*i**2 + i**2 + 6 + 7*i - 7*i**2 + i**2. Calculate f(9).
-12
Let f(v) = v + 2. Let s(n) = 26*n + 198. Let d(o) = -f(o) + s(o). Let z be d(-8). Let g(l) = -l**3 - 6*l**2 - 9*l + 3. Determine g(z).
7
Let v(j) = 2*j - 6. Let q(r) = r**2 - 7*r - 14. Let h = -35 - -43. Let i = 17 - h. Let y be q(i). What is v(y)?
2
Let u(x) = -10*x - 2. Let z be -1 - 0 - 18/(-6). Determine u(z).
-22
Let q(r) be the first derivative of -r**6/120 + r**5/12 + r**4/24 - r**3 + 7*r**2/2 + 5. Let y(u) be the second derivative of q(u). Let b = 26 - 21. Give y(b).
-1
Let v(t) = -2*t**2 + 1. Suppose -l - 2*l = 4*f - 15, -5*l + f + 2 = 0. Let x(o) = -9*o**2 - 8*o + 12. Let g(n) = l*x(n) - 5*v(n). What is g(7)?
0
Let b(u) = 9*u**2 - 14*u + 31. Let y(z) = 5*z**2 - 7*z + 16. Let j(n) = 6*b(n) - 11*y(n). Let g be 9/18 + (-4)/((-8)/169). Let i = -93 + g. Determine j(i).
2
Let n(c) = 6 - 4*c**2 + 3*c - 7 - 2*c. Let w = 258 - 573. Let g be (-42)/w + 13/15. What is n(g)?
-4
Let u(k) be the third derivative of -k**5/60 + k**4 - 133*